{"id":37,"date":"2024-01-05T17:18:07","date_gmt":"2024-01-05T17:18:07","guid":{"rendered":"https:\/\/nathaliecloutier.ca\/?page_id=37"},"modified":"2024-03-16T15:26:55","modified_gmt":"2024-03-16T15:26:55","slug":"about","status":"publish","type":"page","link":"https:\/\/nathaliecloutier.ca\/?page_id=37","title":{"rendered":"\u00c0 propos de l&#8217;artiste"},"content":{"rendered":"<p>[et_pb_section fb_built=&#8221;1&#8243; admin_label=&#8221;Header&#8221; _builder_version=&#8221;4.20.0&#8243; collapsed=&#8221;on&#8221; global_colors_info=&#8221;{}&#8221;][et_pb_row _builder_version=&#8221;4.20.0&#8243; global_colors_info=&#8221;{}&#8221;][et_pb_column type=&#8221;4_4&#8243; _builder_version=&#8221;4.20.0&#8243; global_colors_info=&#8221;{}&#8221;][et_pb_text _builder_version=&#8221;4.24.2&#8243; text_font_size=&#8221;28px&#8221; text_letter_spacing=&#8221;7px&#8221; header_font=&#8221;Cormorant Garamond|600||on|||||&#8221; header_text_align=&#8221;center&#8221; header_font_size=&#8221;100px&#8221; header_letter_spacing=&#8221;0.2em&#8221; header_line_height=&#8221;1.2em&#8221; transform_scale=&#8221;119%|119%&#8221; text_orientation=&#8221;center&#8221; width=&#8221;100%&#8221; min_height=&#8221;62.8px&#8221; custom_margin=&#8221;-63px||||false|false&#8221; header_font_size_tablet=&#8221;40px&#8221; header_font_size_phone=&#8221;24px&#8221; header_font_size_last_edited=&#8221;on|desktop&#8221; header_text_shadow_style=&#8221;preset1&#8243; global_colors_info=&#8221;{}&#8221;]<\/p>\n<h1><span style=\"font-size: xx-large;\">Nathalie cloutiER<\/span><\/h1>\n<p>[\/et_pb_text][\/et_pb_column][\/et_pb_row][et_pb_row custom_padding_last_edited=&#8221;on|tablet&#8221; _builder_version=&#8221;4.20.0&#8243; background_color=&#8221;#000000&#8243; custom_padding=&#8221;20px|89px|45px|89px|false|true&#8221; custom_padding_tablet=&#8221;40px|40px|40px|40px|true|true&#8221; custom_padding_phone=&#8221;20px|20px|20px|20px|true|true&#8221; global_colors_info=&#8221;{}&#8221;][et_pb_column type=&#8221;4_4&#8243; _builder_version=&#8221;4.20.0&#8243; global_colors_info=&#8221;{}&#8221;][et_pb_image src=&#8221;https:\/\/nathaliecloutier.ca\/wp-content\/uploads\/2024\/02\/DSC01054-copie-scaled.jpg&#8221; title_text=&#8221;DSC01054 copie&#8221; align_tablet=&#8221;&#8221; align_phone=&#8221;center&#8221; align_last_edited=&#8221;on|phone&#8221; module_id=&#8221;no-watermark&#8221; _builder_version=&#8221;4.24.2&#8243; min_height=&#8221;120px&#8221; min_height_tablet=&#8221;120px&#8221; min_height_phone=&#8221;auto&#8221; min_height_last_edited=&#8221;on|phone&#8221; global_colors_info=&#8221;{}&#8221;][\/et_pb_image][et_pb_text _builder_version=&#8221;4.24.2&#8243; text_text_color=&#8221;#e0cdaa&#8221; text_font_size=&#8221;16px&#8221; text_line_height=&#8221;1.8em&#8221; link_text_color=&#8221;#ff9900&#8243; hover_enabled=&#8221;0&#8243; text_font_size_tablet=&#8221;15px&#8221; text_font_size_phone=&#8221;14px&#8221; text_font_size_last_edited=&#8221;on|desktop&#8221; global_colors_info=&#8221;{}&#8221; sticky_enabled=&#8221;0&#8243;]<\/p>\n<p>L\u2019artiste puise son inspiration principalement dans les micropaysages qu\u2019elle d\u00e9couvre dans la nature, \u00e9merveill\u00e9e par le temps qui transforme les mati\u00e8res min\u00e9rales et v\u00e9g\u00e9tales. Ses compositions r\u00e9interpr\u00e8tent cette g\u00e9omorphogen\u00e8se sans chercher \u00e0 la reproduire de mani\u00e8re r\u00e9aliste. Fascin\u00e9e par la fragilit\u00e9 de la vie, Nathalie exprime l\u2019interaction vitale entre l\u2019homme et son milieu naturel en confrontant leur commune fragilit\u00e9 dans un dialogue pictural symbolique. Sa d\u00e9marche artistique s\u2019inscrit dans une continuit\u00e9 entre les courants naturaliste, surr\u00e9aliste et expressionniste.<\/p>\n<p>Le dessin au pastel, la peinture \u00e0 l\u2019huile et \u00e0 l\u2019encaustique ainsi que la photographie sont autant de proc\u00e9d\u00e9s techniques utilis\u00e9s pour traduire des effets de lumi\u00e8re, des atmosph\u00e8res particuli\u00e8res, des harmonies de couleur et rendre singuli\u00e8res ses m\u00e9taphores de paysages.<\/p>\n<p>Nathalie Cloutier excelle dans l\u2019art de transmettre ses comp\u00e9tences en arts visuels. Ayant enseign\u00e9 les arts plastiques et le design au Qu\u00e9bec pendant plus de trente ans et ayant pr\u00e9par\u00e9 plus de 25 cours diff\u00e9rents, sa patience et ses encouragements font d\u2019elle une enseignante appr\u00e9ci\u00e9e gr\u00e2ce \u00e0 laquelle on peut d\u00e9velopper \u00e0 la fois des habilet\u00e9s cr\u00e9atrices et une confiance en soi.<\/p>\n<p>Elle a \u00e9galement publi\u00e9 deux livres en collaboration avec des artistes.<a href=\"https:\/\/nathaliecloutier.ca\/?page_id=914\"><em> Carnet de Charlevoix<\/em><\/a>\u00a0 et <a href=\"https:\/\/nathaliecloutier.ca\/?page_id=935\"><em>NEM Un parcours contemporain<\/em><\/a><a href=\"contemporain\">.<\/a> D\u00e9tentrice\u00a0 d\u2019une ma\u00eetrise en arts visuels et d\u2019un baccalaur\u00e9at en graphisme, elle expose ses \u0153uvres \u00e0 Montr\u00e9al (Qu\u00e9bec, Canada) et \u00e0 l\u2019\u00e9tranger depuis 1990. Certaines de ses \u0153uvres font partie de collections publiques.<\/p>\n<p>&nbsp;<\/p>\n<p>[\/et_pb_text][et_pb_button button_url=&#8221;@ET-DC@eyJkeW5hbWljIjp0cnVlLCJjb250ZW50IjoicG9zdF9saW5rX3VybF9wYWdlIiwic2V0dGluZ3MiOnsicG9zdF9pZCI6IjgzNyJ9fQ==@&#8221; button_text=&#8221;En savoir plus&#8221; button_alignment=&#8221;center&#8221; _builder_version=&#8221;4.24.2&#8243; _dynamic_attributes=&#8221;button_url&#8221; custom_button=&#8221;on&#8221; button_text_size=&#8221;12px&#8221; button_text_color=&#8221;#000000&#8243; button_bg_color=&#8221;#afae9e&#8221; button_border_width=&#8221;1px&#8221; button_border_radius=&#8221;24px&#8221; button_letter_spacing=&#8221;0em&#8221; button_font=&#8221;Cormorant Garamond|700||on|||||&#8221; button_use_icon=&#8221;off&#8221; custom_margin=&#8221;-12px||-6px||false|false&#8221; custom_padding=&#8221;4px|14px|4px|14px|true|true&#8221; global_colors_info=&#8221;{}&#8221;][\/et_pb_button][\/et_pb_column][\/et_pb_row][\/et_pb_section][et_pb_section fb_built=&#8221;1&#8243; admin_label=&#8221;Testimonials&#8221; _builder_version=&#8221;4.20.0&#8243; collapsed=&#8221;on&#8221; global_colors_info=&#8221;{}&#8221;][et_pb_row _builder_version=&#8221;4.20.0&#8243; global_colors_info=&#8221;{}&#8221;][et_pb_column type=&#8221;4_4&#8243; _builder_version=&#8221;4.20.0&#8243; global_colors_info=&#8221;{}&#8221;][et_pb_slider _builder_version=&#8221;4.24.2&#8243; header_font=&#8221;Inter|600||on|||||&#8221; header_text_color=&#8221;#333333&#8243; header_font_size=&#8221;11px&#8221; header_letter_spacing=&#8221;0.5em&#8221; header_line_height=&#8221;1.4em&#8221; body_text_color=&#8221;#666666&#8243; body_font_size=&#8221;18px&#8221; body_line_height=&#8221;1.2em&#8221; background_color=&#8221;RGBA(255,255,255,0)&#8221; custom_button=&#8221;on&#8221; button_text_size=&#8221;14px&#8221; button_text_color=&#8221;#FFFFFF&#8221; button_bg_color=&#8221;#000000&#8243; button_border_width=&#8221;0px&#8221; button_border_radius=&#8221;0px&#8221; button_letter_spacing=&#8221;0.2em&#8221; button_font=&#8221;Cormorant Garamond|700||on|||||&#8221; custom_margin=&#8221;-28px|3px|1px|-4px|false|false&#8221; custom_padding=&#8221;33px|0px|1px|1px|false|false&#8221; header_font_size_tablet=&#8221;20px&#8221; header_font_size_phone=&#8221;16px&#8221; header_font_size_last_edited=&#8221;on|desktop&#8221; body_font_size_tablet=&#8221;16px&#8221; body_font_size_phone=&#8221;14px&#8221; body_font_size_last_edited=&#8221;on|desktop&#8221; border_width_top=&#8221;1px&#8221; text_shadow_style=&#8221;preset1&#8243; text_shadow_color=&#8221;RGBA(255,255,255,0)&#8221; locked=&#8221;off&#8221; global_colors_info=&#8221;{}&#8221;][et_pb_slide heading=&#8221;\u00c0 propos de l&#8217;art&#8221; _builder_version=&#8221;4.24.2&#8243; header_level=&#8221;h1&#8243; header_font_size=&#8221;15px&#8221; body_line_height=&#8221;1.6em&#8221; locked=&#8221;off&#8221; global_colors_info=&#8221;{}&#8221; sticky_transition=&#8221;on&#8221;]<\/p>\n<p style=\"text-align: center;\"><em>L&#8217;art est un langage visuel singulier, car il nous apprend \u00e0 nous conna\u00eetre et \u00e0 d\u00e9couvrir <\/em><\/p>\n<p style=\"text-align: center;\"><em>les facettes les plus intimes de nos \u00e9motions et de nos perceptions.<\/em><\/p>\n<p>[\/et_pb_slide][et_pb_slide heading=&#8221;William Haines&#8221; _builder_version=&#8221;4.20.0&#8243; locked=&#8221;off&#8221; global_colors_info=&#8221;{}&#8221; sticky_transition=&#8221;on&#8221;]&#8221;Curabitur fermentum nulla non justo aliquet, quis vehicula quam consequat. Duis ut hendrerit tellus, elementum lacinia elit. Maecenas at consectetur ex, vitae consequat augue. Vivamus eget dolor vel quam condimentum sodales. In bibendum odio urna, sit amet fermentum purus venenatis amet.&#8221;[\/et_pb_slide][et_pb_slide heading=&#8221;Renesmee Thomas&#8221; _builder_version=&#8221;4.20.0&#8243; locked=&#8221;off&#8221; global_colors_info=&#8221;{}&#8221; sticky_transition=&#8221;on&#8221;]&#8221;Suspendisse sagittis lorem accumsan convallis pharetra. Praesent ex ante, placerat quis purus a, tempor consectetur lorem. Integer accumsan pharetra orci nec tempor. Quisque mollis vel enim a facilisis. Aliquam ornare nunc nibh, sit amet porta diam pretium in. Cras et velit faucibus, dignissim tellus at.&#8221;[\/et_pb_slide][\/et_pb_slider][\/et_pb_column][\/et_pb_row][\/et_pb_section][et_pb_section fb_built=&#8221;1&#8243; admin_label=&#8221;Footer&#8221; _builder_version=&#8221;4.20.0&#8243; background_color=&#8221;#000000&#8243; saved_tabs=&#8221;all&#8221; collapsed=&#8221;on&#8221; global_colors_info=&#8221;{}&#8221;][et_pb_row column_structure=&#8221;1_3,1_3,1_3&#8243; _builder_version=&#8221;4.20.0&#8243; border_color_all=&#8221;gcid-e6f8585f-043d-4f05-ad96-fb05b9e45208&#8243; border_width_top=&#8221;1px&#8221; global_colors_info=&#8221;{}&#8221;][et_pb_column type=&#8221;1_3&#8243; _builder_version=&#8221;4.20.0&#8243; global_colors_info=&#8221;{}&#8221;][et_pb_text _builder_version=&#8221;4.24.1&#8243; header_5_font=&#8221;Cormorant Garamond|700||on|||||&#8221; header_5_text_color=&#8221;#FFFFFF&#8221; header_5_font_size=&#8221;18px&#8221; header_5_letter_spacing=&#8221;0.3em&#8221; header_5_line_height=&#8221;1.4em&#8221; custom_margin=&#8221;||0px||false|false&#8221; header_5_font_size_tablet=&#8221;16px&#8221; header_5_font_size_phone=&#8221;14px&#8221; header_5_font_size_last_edited=&#8221;on|desktop&#8221; global_colors_info=&#8221;{}&#8221;]<\/p>\n<h5>atelier s\u00e9same<\/h5>\n<p>[\/et_pb_text][et_pb_text _builder_version=&#8221;4.24.2&#8243; text_font=&#8221;|600|||||||&#8221; text_font_size=&#8221;16px&#8221; text_line_height=&#8221;1.8em&#8221; link_text_color=&#8221;gcid-e6f8585f-043d-4f05-ad96-fb05b9e45208&#8243; text_font_size_tablet=&#8221;15px&#8221; text_font_size_phone=&#8221;14px&#8221; text_font_size_last_edited=&#8221;on|desktop&#8221; global_colors_info=&#8221;{}&#8221;]<\/p>\n<p><strong>Sutton, J0E 2K0<\/strong><\/p>\n<p>[\/et_pb_text][\/et_pb_column][et_pb_column type=&#8221;1_3&#8243; _builder_version=&#8221;4.20.0&#8243; global_colors_info=&#8221;{}&#8221;][et_pb_text _builder_version=&#8221;4.24.1&#8243; header_5_font=&#8221;Cormorant Garamond|700||on|||||&#8221; header_5_text_color=&#8221;#FFFFFF&#8221; header_5_font_size=&#8221;18px&#8221; header_5_letter_spacing=&#8221;0.3em&#8221; header_5_line_height=&#8221;1.4em&#8221; text_orientation=&#8221;center&#8221; custom_margin=&#8221;||0px||false|false&#8221; header_5_font_size_tablet=&#8221;16px&#8221; header_5_font_size_phone=&#8221;14px&#8221; header_5_font_size_last_edited=&#8221;on|desktop&#8221; global_colors_info=&#8221;{}&#8221;]<\/p>\n<h5>cellulaire<\/h5>\n<p>[\/et_pb_text][et_pb_text _builder_version=&#8221;4.24.2&#8243; text_font=&#8221;|600|||||||&#8221; text_font_size=&#8221;16px&#8221; text_line_height=&#8221;1.8em&#8221; link_text_color=&#8221;gcid-e6f8585f-043d-4f05-ad96-fb05b9e45208&#8243; text_orientation=&#8221;center&#8221; text_font_size_tablet=&#8221;15px&#8221; text_font_size_phone=&#8221;14px&#8221; text_font_size_last_edited=&#8221;on|desktop&#8221; global_colors_info=&#8221;{}&#8221;]<\/p>\n<p><strong>(514) 778-9438<\/strong><\/p>\n<p>[\/et_pb_text][\/et_pb_column][et_pb_column type=&#8221;1_3&#8243; _builder_version=&#8221;4.20.0&#8243; global_colors_info=&#8221;{}&#8221;][et_pb_text _builder_version=&#8221;4.24.1&#8243; header_5_font=&#8221;Cormorant Garamond|700||on|||||&#8221; header_5_text_color=&#8221;#FFFFFF&#8221; header_5_font_size=&#8221;18px&#8221; header_5_letter_spacing=&#8221;0.3em&#8221; header_5_line_height=&#8221;1.4em&#8221; text_orientation=&#8221;right&#8221; custom_margin=&#8221;||0px||false|false&#8221; header_5_font_size_tablet=&#8221;16px&#8221; header_5_font_size_phone=&#8221;14px&#8221; header_5_font_size_last_edited=&#8221;on|desktop&#8221; global_colors_info=&#8221;{}&#8221;]<\/p>\n<h5>courriel<\/h5>\n<p>[\/et_pb_text][et_pb_text _builder_version=&#8221;4.24.2&#8243; text_font_size=&#8221;16px&#8221; text_line_height=&#8221;1.8em&#8221; link_text_color=&#8221;gcid-e6f8585f-043d-4f05-ad96-fb05b9e45208&#8243; text_orientation=&#8221;right&#8221; text_font_size_tablet=&#8221;15px&#8221; text_font_size_phone=&#8221;14px&#8221; text_font_size_last_edited=&#8221;on|desktop&#8221; global_colors_info=&#8221;{}&#8221;]<\/p>\n<p><a href=\"mailto:#\">ateliersesame10@gmail.com<\/a><\/p>\n<p>[\/et_pb_text][\/et_pb_column][\/et_pb_row][\/et_pb_section]<\/p>\n","protected":false},"excerpt":{"rendered":"<p>Nathalie cloutiERL\u2019artiste puise son inspiration principalement dans les micropaysages qu\u2019elle d\u00e9couvre dans la nature, \u00e9merveill\u00e9e par le temps qui transforme les mati\u00e8res min\u00e9rales et v\u00e9g\u00e9tales. Ses compositions r\u00e9interpr\u00e8tent cette g\u00e9omorphogen\u00e8se sans chercher \u00e0 la reproduire de mani\u00e8re r\u00e9aliste. Fascin\u00e9e par la fragilit\u00e9 de la vie, Nathalie exprime l\u2019interaction vitale entre l\u2019homme et son milieu naturel [&hellip;]<\/p>\n","protected":false},"author":1,"featured_media":0,"parent":0,"menu_order":0,"comment_status":"closed","ping_status":"closed","template":"","meta":{"_et_pb_use_builder":"on","_et_pb_old_content":"","_et_gb_content_width":"","footnotes":""},"class_list":["post-37","page","type-page","status-publish","hentry"],"_links":{"self":[{"href":"https:\/\/nathaliecloutier.ca\/index.php?rest_route=\/wp\/v2\/pages\/37","targetHints":{"allow":["GET"]}}],"collection":[{"href":"https:\/\/nathaliecloutier.ca\/index.php?rest_route=\/wp\/v2\/pages"}],"about":[{"href":"https:\/\/nathaliecloutier.ca\/index.php?rest_route=\/wp\/v2\/types\/page"}],"author":[{"embeddable":true,"href":"https:\/\/nathaliecloutier.ca\/index.php?rest_route=\/wp\/v2\/users\/1"}],"replies":[{"embeddable":true,"href":"https:\/\/nathaliecloutier.ca\/index.php?rest_route=%2Fwp%2Fv2%2Fcomments&post=37"}],"version-history":[{"count":47,"href":"https:\/\/nathaliecloutier.ca\/index.php?rest_route=\/wp\/v2\/pages\/37\/revisions"}],"predecessor-version":[{"id":1261,"href":"https:\/\/nathaliecloutier.ca\/index.php?rest_route=\/wp\/v2\/pages\/37\/revisions\/1261"}],"wp:attachment":[{"href":"https:\/\/nathaliecloutier.ca\/index.php?rest_route=%2Fwp%2Fv2%2Fmedia&parent=37"}],"curies":[{"name":"wp","href":"https:\/\/api.w.org\/{rel}","templated":true}]}}